{"version":"1.0","provider_name":"Kosmetyki naturalne Resibo","provider_url":"https:\/\/resibo.pl\/blog","title":"Dieta mamy, dieta dziecka - Kosmetyki naturalne Resibo","type":"rich","width":600,"height":338,"html":"<blockquote class=\"wp-embedded-content\" data-secret=\"SnWTWhTo1S\"><a href=\"https:\/\/resibo.pl\/blog\/dieta-mamy-dieta-dziecka\/\">Dieta mamy, dieta dziecka<\/a><\/blockquote><iframe sandbox=\"allow-scripts\" security=\"restricted\" src=\"https:\/\/resibo.pl\/blog\/dieta-mamy-dieta-dziecka\/embed\/#?secret=SnWTWhTo1S\" width=\"600\" height=\"338\" title=\"&#8222;Dieta mamy, dieta dziecka&#8221; &#8212; Kosmetyki naturalne Resibo\" data-secret=\"SnWTWhTo1S\" frameborder=\"0\" marginwidth=\"0\" marginheight=\"0\" scrolling=\"no\" class=\"wp-embedded-content\"><\/iframe><script type=\"text\/javascript\">\n\/* <![CDATA[ *\/\n\/*! This file is auto-generated *\/\n!function(d,l){\"use strict\";l.querySelector&&d.addEventListener&&\"undefined\"!=typeof URL&&(d.wp=d.wp||{},d.wp.receiveEmbedMessage||(d.wp.receiveEmbedMessage=function(e){var t=e.data;if((t||t.secret||t.message||t.value)&&!\/[^a-zA-Z0-9]\/.test(t.secret)){for(var s,r,n,a=l.querySelectorAll('iframe[data-secret=\"'+t.secret+'\"]'),o=l.querySelectorAll('blockquote[data-secret=\"'+t.secret+'\"]'),c=new RegExp(\"^https?:$\",\"i\"),i=0;i<o.length;i++)o[i].style.display=\"none\";for(i=0;i<a.length;i++)s=a[i],e.source===s.contentWindow&&(s.removeAttribute(\"style\"),\"height\"===t.message?(1e3<(r=parseInt(t.value,10))?r=1e3:~~r<200&&(r=200),s.height=r):\"link\"===t.message&&(r=new URL(s.getAttribute(\"src\")),n=new URL(t.value),c.test(n.protocol))&&n.host===r.host&&l.activeElement===s&&(d.top.location.href=t.value))}},d.addEventListener(\"message\",d.wp.receiveEmbedMessage,!1),l.addEventListener(\"DOMContentLoaded\",function(){for(var e,t,s=l.querySelectorAll(\"iframe.wp-embedded-content\"),r=0;r<s.length;r++)(t=(e=s[r]).getAttribute(\"data-secret\"))||(t=Math.random().toString(36).substring(2,12),e.src+=\"#?secret=\"+t,e.setAttribute(\"data-secret\",t)),e.contentWindow.postMessage({message:\"ready\",secret:t},\"*\")},!1)))}(window,document);\n\/\/# sourceURL=https:\/\/resibo.pl\/blog\/wp-includes\/js\/wp-embed.min.js\n\/* ]]> *\/\n<\/script>\n","thumbnail_url":"https:\/\/resibo.pl\/blog\/wp-content\/uploads\/2015\/12\/12404907_888488651206307_1832133683_o-1024x576.jpg","thumbnail_width":600,"thumbnail_height":399,"description":"Niedawno obchodzili\u015bmy Mi\u0119dzynarodowy Tydzie\u0144 Karmienia Piersi\u0105. Temat bardzo mi bliski, gdy\u017c jestem mam\u0105 prawie trzymiesi\u0119cznego ssaka i jako wielbicielka naturalnych rozwi\u0105za\u0144 wspieram \u00a0i promuj\u0119 karmienie piersi\u0105 ca\u0142ym sercem. Ca\u0142e szcz\u0119\u015bcie, \u017ce na swojej mlecznej drodze spotka\u0142am wspieraj\u0105cych fachowc\u00f3w &#8211; Certyfikowanych Doradc\u00f3w Laktacyjnych, po\u0142o\u017cne, piel\u0119gniarki i lekarzy z aktualn\u0105 wiedz\u0105 medyczn\u0105 w temacie laktacji. Mog\u0142am te\u017c..."}

Niedawno obchodziliśmy Międzynarodowy Tydzień Karmienia Piersią. Temat bardzo mi bliski, gdyż jestem mamą prawie trzymiesięcznego ssaka i jako wielbicielka naturalnych rozwiązań wspieram  i promuję karmienie piersią całym sercem. Całe szczęście, że na swojej mlecznej drodze spotkałam wspierających fachowców &#8211; Certyfikowanych Doradców Laktacyjnych, położne, pielęgniarki i lekarzy z aktualną wiedzą medyczną w temacie laktacji. Mogłam też...
