{"version":"1.0","provider_name":"Kosmetyki naturalne Resibo","provider_url":"https:\/\/resibo.pl\/blog","title":"Kosmetyk pierwszej potrzeby \u2013 korektor - Kosmetyki naturalne Resibo","type":"rich","width":600,"height":338,"html":"<blockquote class=\"wp-embedded-content\" data-secret=\"glH55v4WMc\"><a href=\"https:\/\/resibo.pl\/blog\/kosmetyk-pierwszej-potrzeby-korektor\/\">Kosmetyk pierwszej potrzeby \u2013 korektor<\/a><\/blockquote><iframe sandbox=\"allow-scripts\" security=\"restricted\" src=\"https:\/\/resibo.pl\/blog\/kosmetyk-pierwszej-potrzeby-korektor\/embed\/#?secret=glH55v4WMc\" width=\"600\" height=\"338\" title=\"&#8222;Kosmetyk pierwszej potrzeby \u2013 korektor&#8221; &#8212; Kosmetyki naturalne Resibo\" data-secret=\"glH55v4WMc\" frameborder=\"0\" marginwidth=\"0\" marginheight=\"0\" scrolling=\"no\" class=\"wp-embedded-content\"><\/iframe><script type=\"text\/javascript\">\n\/* <![CDATA[ *\/\n\/*! This file is auto-generated *\/\n!function(d,l){\"use strict\";l.querySelector&&d.addEventListener&&\"undefined\"!=typeof URL&&(d.wp=d.wp||{},d.wp.receiveEmbedMessage||(d.wp.receiveEmbedMessage=function(e){var t=e.data;if((t||t.secret||t.message||t.value)&&!\/[^a-zA-Z0-9]\/.test(t.secret)){for(var s,r,n,a=l.querySelectorAll('iframe[data-secret=\"'+t.secret+'\"]'),o=l.querySelectorAll('blockquote[data-secret=\"'+t.secret+'\"]'),c=new RegExp(\"^https?:$\",\"i\"),i=0;i<o.length;i++)o[i].style.display=\"none\";for(i=0;i<a.length;i++)s=a[i],e.source===s.contentWindow&&(s.removeAttribute(\"style\"),\"height\"===t.message?(1e3<(r=parseInt(t.value,10))?r=1e3:~~r<200&&(r=200),s.height=r):\"link\"===t.message&&(r=new URL(s.getAttribute(\"src\")),n=new URL(t.value),c.test(n.protocol))&&n.host===r.host&&l.activeElement===s&&(d.top.location.href=t.value))}},d.addEventListener(\"message\",d.wp.receiveEmbedMessage,!1),l.addEventListener(\"DOMContentLoaded\",function(){for(var e,t,s=l.querySelectorAll(\"iframe.wp-embedded-content\"),r=0;r<s.length;r++)(t=(e=s[r]).getAttribute(\"data-secret\"))||(t=Math.random().toString(36).substring(2,12),e.src+=\"#?secret=\"+t,e.setAttribute(\"data-secret\",t)),e.contentWindow.postMessage({message:\"ready\",secret:t},\"*\")},!1)))}(window,document);\n\/\/# sourceURL=https:\/\/resibo.pl\/blog\/wp-includes\/js\/wp-embed.min.js\n\/* ]]> *\/\n<\/script>\n","thumbnail_url":"https:\/\/resibo.pl\/blog\/wp-content\/uploads\/2015\/06\/20150606-371-scaled-630x420.jpg","thumbnail_width":600,"thumbnail_height":400,"description":"Niemal ka\u017cda przedstawicielka p\u0142ci pi\u0119knej stosuje cho\u0107by delikatny makija\u017c. Od podk\u0142ad\u00f3w \u2013 kryj\u0105cych lub l\u017cejszych \u2013 po cho\u0107by kremy BB delikatnie wyr\u00f3wnuj\u0105ce koloryt sk\u00f3ry. Ma\u0142o kt\u00f3ra mo\u017ce pochwali\u0107 si\u0119 na tyle nieskaziteln\u0105 cer\u0105, aby z tego zrezygnowa\u0107 i bez skr\u0119powania pokazywa\u0107 si\u0119 saut\u00e9. Korektor to \u2013 podobnie jak wymieniony wy\u017cej podk\u0142ad \u2013 kosmetyk pierwszej potrzeby...."}

Niemal każda przedstawicielka płci pięknej stosuje choćby delikatny makijaż. Od podkładów – kryjących lub lżejszych – po choćby kremy BB delikatnie wyrównujące koloryt skóry. Mało która może pochwalić się na tyle nieskazitelną cerą, aby z tego zrezygnować i bez skrępowania pokazywać się sauté. Korektor to – podobnie jak wymieniony wyżej podkład – kosmetyk pierwszej potrzeby....
